factors of j?
2, 251
Suppose 4*f - 113284 = w, 0 = -166*w + 170*w + 32. What are the prime factors of f?
28319
Suppose -29*k + 480 + 5378 = 0. Let i = 339 + k. List the prime factors of i.
541
Let o(z) = 456*z + 2752. List the prime factors of o(15).
2, 11, 109
Suppose -3*t + 80960 - 2273 = 0. List the prime factors of t/24 - 2 - (-27)/216.
1091
Let r = -14071 + 35467. List the prime factors of r.
2, 3, 1783
Let u be (2 - 6) + 3 + 5. Let n(r) = r**3 + 4*r + 1. List the prime factors of n(u).
3
Let p = 53 + -23. Let a be p/9 - (-8)/(-6). Suppose 13 = j - 4*f - 1, 3*j = -a*f + 70. List the prime factors of j.
2, 11
Suppose -26*l = 19643 - 413676 + 66121. List the prime factors of l.
2, 3, 1051
Let i(c) be the first derivative of c**4/4 - 26*c**3/3 - 33*c**2/2 + 6*c - 88. List the prime factors of i(28).
2, 5, 13
Let k(o) = 3*o**2 + 35 + o - o - 5*o + o**2. Suppose 0 = d + 3*j - 22 + 18, 0 = 2*j + 2. List the prime factors of k(d).
2, 7
Suppose c - 81 = 2*i + 28, 5*c - 539 = 4*i. Let s(d) = c - 2*d - 84 - 2*d. What are the prime factors of s(-15)?
83
What are the prime factors of (17 - -23977)*((-2)/12)/((-2)/12)?
2, 3, 31, 43
Let w(q) = q**2 - 19*q + 46. Let x = -63 - -79. Let d be w(x). Let b = d - -74. What are the prime factors of b?
2, 3
Let p(a) = -742*a + 1687. List the prime factors of p(-10).
7, 1301
Suppose -1206 - 1254 = -3*x. List the prime factors of x.
2, 5, 41
Let q be 36/(-306) - (-644)/(-17). Let i = q + 42. Suppose 0 = 3*v + i*y - 22, 100 = 4*v - 2*y + 34. List the prime factors of v.
2, 7
Let d = 83 + 5. What are the prime factors of d + 2*(0 + -2)?
2, 3, 7
Suppose 9357 = 13*m - 6529. What are the prime factors of m?
2, 13, 47
Let z(m) = -m**2 - 17*m - 60. Let g be z(-5). What are the prime factors of (-3)/24 + g + 1705/8?
3, 71
Let v = 1063 + -28. Let g = v + -360. Suppose -30*q = -35*q + g. What are the prime factors of q?
3, 5
Let c = -1485 - -5181. Suppose 52*q - 46*q = c. What are the prime factors of q?
2, 7, 11
Let m be (10/15)/((-10)/18)*-10. Suppose -10 = m*k - 17*k. What are the prime factors of (3 - 202/(-4))/(k/4)?
107
Let f be ((-2)/(-1))/(194/(-167131)). Let h = f + 3054. List the prime factors of h.
11
Suppose 2*v - 4*w - 2 = 0, -4*v - 4*w - 3 = -19. Let j(y) = 75*y + 3. List the prime factors of j(v).
2, 3, 19
Let y = -29 - -27. Let t be (-150)/(-48) - y/(-16). What are the prime factors of -44*(t - 27/6)?
2, 3, 11
Let k be (-354)/(-4) + (-6)/24*2. Let m = 197 - k. Suppose i = 10 + m. What are the prime factors of i?
7, 17
Let c(w) = 265*w - 3495. What are the prime factors of c(36)?
3, 5, 13, 31
Let a be 1 + (-12)/4 - -1. Let b be 67 + 5*(-9)/(-15). What are the prime factors of ((-150)/175)/(a/b)?
2, 3, 5
Suppose -8 = 6*w - 4*w. Let n be (w/(-2)*-11)/(3/(-3)). Let z(j) = -j**2 + 29*j + 31. List the prime factors of z(n).
5, 37
Suppose -d + 3418 = 2*m - 2244, -3*m + 8486 = -2*d. List the prime factors of m.
2, 5, 283
Suppose 1 + 2 = 3*q - 3*r, 4 = -2*r. Let p be -3 + q + 5 - 1. Suppose 2*t - 70 - 98 = p. List the prime factors of t.
2, 3, 7
Let b(d) = -d**3 + 14*d**2 + 30*d + 40. Let n be b(16). Suppose -r = -n*r + 2863. List the prime factors of r.
409
Let q(k) = -k**3 + 83*k**2 - 104*k + 338. What are the prime factors of q(79)?
2, 8543
Let u = -29407 - -69420. What are the prime factors of u?
40013
Suppose 452 = 5*s - 378. Let k = 269 - s. What are the prime factors of k?
103
Let d(i) = i**3 - 58*i**2 + 119*i + 176. List the prime factors of d(57).
2, 5, 7, 53
Suppose -18*v + 10362135 = 269*v. What are the prime factors of v?
3, 5, 29, 83
Let h be ((-6)/4 - -2)/(3/18). Suppose 5*t + 4*j - 459 = 0, -t + 0*t + 107 = -h*j. Let q = -39 + t. List the prime factors of q.
2, 7
Suppose 47*x = 44*x + 15. Let t(i) = -5*i + 2*i - 6*i + x - 2*i. What are the prime factors of t(-9)?
2, 13
Let k(b) = -6*b**3 - 4*b**2 + 16*b + 18. Suppose -36 = 7*o - 1. What are the prime factors of k(o)?
2, 3, 7
Let c be (-64)/(-12)*18/12. Let a(t) = 12*t**2 - 16*t - 22. List the prime factors of a(c).
2, 3, 103
Suppose -89*h - 75807 - 30234 = -102*h. List the prime factors of h.
3, 2719
Suppose -1549 - 10277 - 953 = -13*h. List the prime factors of h.
983
Suppose 1838 = i + 2*k - 623, 4*i - k = 9889. What are the prime factors of i?
7, 353
Suppose 0 = 31*j + 18*j + 51*j - 1582100. What are the prime factors of j?
13, 1217
Let c be 7/2 + 7/14. Suppose -r - 312 = -c*f + 3755, 3*f = r + 3051. What are the prime factors of f?
2, 127
Let j be 5/((-15)/(-2))*18. Suppose 5981 - 62285 = -j*i. Suppose -14*h + i = 3*h. List the prime factors of h.
2, 3, 23
Let w(z) = -118*z**3 - 57*z**2 - 139*z + 27. What are the prime factors of w(-8)?
79, 733
Suppose -1222 = -7*c + 5463. Suppose -8*y - 2*x - c = -13*y, 4*y + 3*x - 741 = 0. List the prime factors of y.
3, 7
Let c = -2808 + 4270. What are the prime factors of (c/(-129))/((-1)/174)?
2, 17, 29
Let f = -90 - -92. What are the prime factors of 2764/(-6)*(-3)/f?
691
Suppose -3*k + 2*v + 7826 = -12803, 0 = 3*k - 5*v - 20626. List the prime factors of k.
13, 23
Suppose 0 = v + 8*v - 18. Suppose -v*r = 3 + 17. List the prime factors of (-1906)/r + (-6)/(-15).
191
Suppose 7 = 6*r + 1. Let i be (r + -1)/(-10 - -12). Suppose 0*b + 3*b - 21 = i. What are the prime factors of b?
7
Let m be 6*(500/(-12))/5. Let n = m + 48. List the prime factors of (-1)/((-67)/(-34) + n).
2, 17
Suppose 0 = 2*l + 43 - 9. Let k = 41 + l. List the prime factors of k/(-8)*(-6 + -1).
3, 7
Let t be -6 + -3 + 6 + 701/1. Suppose 4*q - 2854 + t = 0. What are the prime factors of q?
7, 11
Suppose -4*q = 3*z - 19, 6*z - 2*z - 3*q = 17. Suppose 3*d - 11 - 3 = -a, 0 = -3*d + z*a + 20. Suppose 235 + 240 = d*w. What are the prime factors of w?
5, 19
Suppose 3*j + 27 = 3*k, 0 = -0*k - 4*k + j + 21. Suppose 4*x - 109 + 311 = 5*y, 0 = -2*y - 4*x + 92. Let t = k + y. List the prime factors of t.
2, 23
Let f be 162*(34/6 + 6 + -11). Suppose 3 = 4*o - 5, -2*h = 4*o - f. List the prime factors of h.
2, 5
Let h = 20020 + -11666. List the prime factors of h.
2, 4177
Let q(f) = f**3 - 2*f**2 - 6*f + 3. Let l be q(4). Suppose 0 = -l*i + 10*i - 156. Let s = i + 219. List the prime factors of s.
3, 7
Let d(b) = 62*b**2 + 4*b. Let x be d(1). Suppose 0 = -h + 172 - x. List the prime factors of h.
2, 53
Suppose 8*o = 7*o - t + 2, -26 = -4*o + 5*t. Suppose -5*w = -8*w - c + 2836, -3777 = -o*w + 3*c. List the prime factors of w.
3, 5, 7
Suppose 5*n - q = 140, -4*q - 88 = -5*n + 52. Let w(z) = -14 + 28*z + 6*z + 4*z**3 + 27*z**2 - 5*z**3. List the prime factors of w(n).
2, 7, 11
Let j(w) = -20*w + 100. Suppose -4*y - 5*k = 84, 2*k = 2*y + 6*k + 48. What are the prime factors of j(y)?
2, 3, 5, 7
Let t = 11642 + -8510. List the prime factors of t.
2, 3, 29
What are the prime factors of (-96)/(-12) + 12/(-16)*-4 + 35975?
2, 19, 947
Suppose 32 = 5*b + 3*c, 2*b - 2*c - 8 = -2*b. Suppose -334 = -b*h + 474. Suppose 5*j - 1030 = -5*r, -h = -j - 0*r + r. What are the prime factors of j?
2, 3, 17
Suppose 0*d = -g + 5*d + 12190, 0 = 4*g - d - 48779. What are the prime factors of g?
3, 5, 271
Let r = -152 - -37. Let c = -106 - r. List the prime factors of c/(9/176) - -1.
3, 59
Let y(m) = -m + 11. Let b be y(8). Let g(l) = -16*l + 6 + b*l**2 + 6*l**2 + 23*l**3 + 2*l**2 - 24*l**3. What are the prime factors of g(6)?
2, 3, 5
Let j(b) = 58*b**2 - 18*b + 14. Let f be j(-8). Let m be ((-12)/3 + 2)/((-12)/f). List the prime factors of 2 - m/(-18) - (-3)/18.
2, 19
Suppose -3*j + 72 = 78. List the prime factors of (-20)/(-40)*2*(1 - j).
3
Let i = 6030 - 5602. What are the prime factors of i?
2, 107
Let s(p) = 72*p**2 - 6. Let d be s(-2). Suppose 0 = 4*o + d + 294. List the prime factors of (8/16)/((-2)/o).
2, 3
Let s = -162 + 179. Suppose -s*n - 931 = -3821. List the prime factors of n.
2, 5, 17
Let o(c) = 6*c**2 + 55*c + 1842. List the prime factors of o(-54).
2, 3, 11, 31
Let p be 3 + (-205)/65 - 54/(-13). Let u(o) = 8*o + p - 16*o + 6*o**2 + 10*o. What are the prime factors of u(-3)?
2, 13
Let i be 8/(2/(-10) - 162/(-735)). Suppose 0 = 108*z - 109*z + i. What are the prime factors of z?
2, 7
Suppose 219*g - 17474296 = -103*g. What are the prime factors of g?
2, 13567
Suppose 11 = -5*g - 19. Let d = -15 - g. List the prime factors of 3/((-54)/4) - 191/d.
3, 7
Let a be ((-2)/